divided by 10.
9
Let z = -312 - -337. Let y = 45 + z. Calculate the remainder when 209 is divided by y.
69
Let d = 14729 + -14552. Let f(g) = 7*g - 2. Calculate the remainder when d is divided by f(2).
9
Suppose 2*j - 11 + 5 = 2*k, 15 = 4*k + 5*j. Suppose 4*f + 4*a - 795 + 243 = k, 3*a = -2*f + 277. Calculate the remainder when f is divided by 47.
43
Suppose -3*o - 2*q = -147, -3*o + 30*q = 26*q - 111. Calculate the remainder when 297 is divided by o.
27
Let c = -5193 - -5255. What is the remainder when 392 is divided by c?
20
Let q(p) be the second derivative of -2*p**3/3 - 5*p**2/2 - 9*p + 1. Calculate the remainder when 87 is divided by q(-3).
3
Let i(y) = -93*y + 6684. Calculate the remainder when 19925 is divided by i(71).
80
Let l(c) be the third derivative of -c**4/24 - 3*c**3/2 + 31*c**2. Let p be l(-13). What is the remainder when p + 1 - (6 - 72) is divided by 24?
23
Let g = -9 - -9. Suppose -2*s - 4*m = -146, g*s + 4*s = 3*m + 336. Calculate the remainder when s is divided by -1 + (-445)/(-20) + 10/(-40).
18
Let u(p) = -25*p**2 - 356*p - 9. Calculate the remainder when 1948 is divided by u(-14).
73
Suppose 79*w = 82300 + 42757. What is the remainder when w is divided by 312?
23
Suppose -9*g - 39*g + 40373 = -g. What is the remainder when g is divided by 110?
89
Let z = 4691 + -4591. What is the remainder when z is divided by 26?
22
Let n = 12 + -189. Let b = n - -181. Calculate the remainder when 21 is divided by b.
1
Let i(f) = 10*f - 56. Let p be i(7). Let w(u) = -u**3 + 14*u**2 + 3*u - 22. Calculate the remainder when 50 is divided by w(p).
10
Suppose 3*w - 2*i = 76, 243*w + 5 = 242*w + 3*i. Calculate the remainder when w is divided by ((-2)/(-4))/(2/88).
12
Suppose -5*c + 3*c + 2 = 0. Let d = -74 + 76. Suppose -3*a = 4*j + 1, -5*a - 3*j = -0*j - d. Calculate the remainder when c is divided by a.
0
Let v(p) = -3*p**2 - 169*p + 1682. What is the remainder when 641 is divided by v(-64)?
11
Let x(j) = 14*j - 35. Let t be 8 - (2/(-3))/(42/63). Let o be x(t). Let b = -69 + o. What is the remainder when b is divided by 4?
2
Suppose 3 = 2*y + z, 0 + 3 = y + z. Suppose 0*j + 4*j = 5*l - 18, y = l + 5*j - 21. Let g(d) = 2*d + 27. What is the remainder when g(-9) is divided by l?
3
Suppose 4*t + 4*k - 2440 = -0*k, 2*k - 1837 = -3*t. Calculate the remainder when 1248 is divided by t.
14
Let j be 0/(((-20)/30)/(4/(-6))). Suppose -49 = -c + 3*q, 276 = 4*c + 4*q - j*q. Calculate the remainder when c is divided by 17/(-2)*(-5 - -3).
13
Let q = 3681 - 3671. What is the remainder when 1555 is divided by q?
5
Suppose 6*t + 11 - 35 = 0. Calculate the remainder when 1298 is divided by t.
2
Let q(g) = -g**3 + g**2 + 6. Let d be q(0). What is the remainder when 86 is divided by (-16 + 4)/((-9)/d)?
6
Let h = 21262 - 21080. Calculate the remainder when h is divided by 48.
38
What is the remainder when -42*(-468)/273 + 30 is divided by (-1 - 27)*(-15)/12?
32
Suppose -61*m - 74*m = -450*m + 383985. What is the remainder when m is divided by 27?
4
Let w(a) = -a**3 - 14*a - 16. Let p be w(-5). Suppose 3*b + 35 = p. Calculate the remainder when b is divided by 10.
8
Let c(g) = -9*g + 95. Calculate the remainder when 26 is divided by c(8).
3
Let x(o) = -14*o - 41. Let l be x(-3). What is the remainder when 2780/40*2/l is divided by 10?
9
Let g(s) = 2*s**2 + 4*s + 15. What is the remainder when 3732 is divided by g(0)?
12
Suppose 0 = -582*k + 230806 - 64354. Calculate the remainder when 365 is divided by k.
79
Let v(w) = w**2 + 121*w + 1779. Let s = -88 + 43. Let f = -27 - s. What is the remainder when f is divided by v(-104)?
7
Let y = 4397 - 4381. What is the remainder when 783 is divided by y?
15
Let o be (3*(-2)/3)/((-2)/(-47)). Let n = o - -70. What is the remainder when 137 is divided by n?
22
Suppose 4 = -4*u - 2*w, 4*u - 2*w = 6*u + 4. Suppose 7*q - 8*q + 12 = u. What is the remainder when q is divided by 8?
4
Suppose q + 4*q - 20 = 0. Suppose -168 = 16*a - 1096. Suppose -4*i = -5*c + 108, 25*c + i = 22*c + a. What is the remainder when c is divided by q?
0
Suppose 48*h - 96*h = 175*h - 1115. What is the remainder when 238 is divided by h?
3
Suppose -l = -0 - 4. Suppose -5*m = -l*p + 613, 0*m + 5 = -5*m. What is the remainder when p is divided by 17?
16
Suppose -2*f - 163 = -577. Let m = -21 - -84. Suppose 3*u - m = -0*u. What is the remainder when f is divided by u?
18
Let z = 11749 + -10512. What is the remainder when z is divided by 46?
41
Suppose 3*j + 4*k = 123, -5*k = 4*j - 51 - 114. What is the remainder when 4216 is divided by j?
31
Let l = -3199 - -3222. What is the remainder when 241 is divided by l?
11
Let p(t) = -2*t + 36. Let y be p(15). Suppose -5*f = -14 - y. Let z(l) = 9*l + 11. Calculate the remainder when z(f) is divided by 12.
11
Let g(o) = -34*o + 26. Suppose 3*s + 17 - 11 = 0. What is the remainder when g(s) is divided by 35?
24
Let w be (7/(-1))/(3/(-15)). Suppose 2*h = 5*c + 33, 0 = 2*c - 4*h + w - 9. Let v = c + 17. What is the remainder when 22 is divided by v?
10
Suppose 3*b = 21 - 6. Let x(q) = q**3 + 21*q**2 + 19*q - 25. Let o be x(-20). Let p(v) = 5*v + 27. What is the remainder when b is divided by p(o)?
1
Suppose -5*x - 5*p + 555 = -4*x, 0 = -5*p. What is the remainder when x is divided by 8 - (-6 + -38 + 9)?
39
Let b = 3961 + -3929. Calculate the remainder when 222 is divided by b.
30
Let s be ((-56)/(-42))/(688/228 + -3). Suppose b + 5*a = s, 5*b - 3*a = -8*a + 380. Calculate the remainder when b is divided by 34.
8
Let s = -883 - -887. Suppose 5*h - 4*r = 1632, -4*h + 5*h - 312 = -s*r. Calculate the remainder when h is divided by 33.
27
Let v(j) = -j**3 - 12*j**2 + 60*j + 10. What is the remainder when 116 is divided by v(-16)?
42
Suppose -n + 61 = 5*y, 19 + 58 = 2*n + y. Calculate the remainder when (-320)/(-3) - ((-1166)/1590 - 14/(-10)) is divided by n.
34
Let h(c) = -31*c - 202. Suppose -19*v + 0*v = -551. What is the remainder when h(-13) is divided by v?
27
Suppose 0 = -5*z - o + 238, -2*z + 2*o - 35 = -135. Suppose 0 = -t - 2*c + 89, 169 = -0*t + 2*t - 5*c. Calculate the remainder when t is divided by z.
39
Let m = -1725 + 1729. Calculate the remainder when 347 is divided by m.
3
Let l = -10 + 5. Let f(a) = 6*a**2 + 4*a + 12. Let g be f(6). What is the remainder when 15 is divided by g/105 + (2/l - -1)?
0
Suppose 0 = 10*c - 3*c - 35. Suppose 2*o + 165 = 3*h + 5*o, c*o - 5 = 0. Calculate the remainder when h is divided by 8.
6
Suppose 0 = -14*k + 140 + 308. What is the remainder when 765 is divided by k?
29
Suppose t - 30 - 3 = 0. Suppose -6*i + i = 53*i - 20880. What is the remainder when i is divided by t?
30
Let b(t) = 2*t**2 + 7*t + 6. Let d = -14622 + 14633. Calculate the remainder when b(6) is divided by d.
10
What is the remainder when (-12 - 100)*(-68)/4 is divided by 15?
14
Suppose 73*k - 85001 = 116260. Calculate the remainder when k is divided by 39.
27
Let i be 0/(5 - 12/2). Let a be (-6 - -1) + i/(-2). What is the remainder when 51 is divided by ((-156)/6)/(5/(a/2))?
12
What is the remainder when 1503/7 + (1 - 2) + 104/364 is divided by 76?
62
Suppose -4*g - 5*c = -561, c = -g - 2*g + 418. Suppose 10*w - 15*w = 130. Calculate the remainder when g is divided by 4/w - (-19003)/403.
45
Let b = -253 + 161. Let x = b + 59. Calculate the remainder when 37 is divided by (-2)/(39/x - (2 - 3)).
4
Let o(j) = -j + 18. Let c be 38 + -28 + -5 + -1. Suppose -c*a = 4, 3*a + 47 = 2*f - 2*a. Calculate the remainder when f is divided by o(10).
5
Calculate the remainder when ((-48)/60)/((-1)/8705*(3 - 1)) is divided by 85.
82
Suppose 648 = 164*l - 158*l. Suppose 198 = 8*y + 862. Let u = -46 - y. What is the remainder when l is divided by u?
34
Let k(m) = -17*m + 1129. Calculate the remainder when 10581 is divided by k(59).
123
Let g(d) = d**3 - 21*d**2 - 4*d + 91. Suppose -2*j = 2*f - 36, -5*f + 99 = 19*j - 17*j. Calculate the remainder when 97 is divided by g(f).
6
Let t = -331 + 334. Suppose -68 = c - t*c. What is the remainder when 679 is divided by c?
33
Suppose 2*d = 4*d - 4. Suppose v + 2*b - 70 = -2*v, -3*v = -d*b - 50. Let n = v + -7. Calculate the remainder when n is divided by 5.
3
Suppose 0 = 3*a + 5*z - 221, -8*a = -3*a - 4*z - 356. Suppose 10*b - 68 = a. What is the remainder when b is divided by 3/1 